{"id":429,"date":"2022-11-13T12:05:37","date_gmt":"2022-11-13T11:05:37","guid":{"rendered":"https:\/\/velocite-narbonne.fr\/?page_id=429"},"modified":"2025-09-30T16:46:35","modified_gmt":"2025-09-30T14:46:35","slug":"atelier-velocite-narbonne","status":"publish","type":"page","link":"https:\/\/velocite-narbonne.fr\/index.php\/atelier-velocite-narbonne\/","title":{"rendered":"Atelier"},"content":{"rendered":"\n<figure class=\"wp-block-image aligncenter size-full\"><img decoding=\"async\" width=\"363\" height=\"210\" data-src=\"https:\/\/velocite-narbonne.fr\/wp-content\/uploads\/2022\/09\/Capture-decran-2022-11-12-102756.png\" alt=\"Atelier V\u00e9locit\u00e9 Narbonne\" class=\"wp-image-362 lazyload\" data-srcset=\"https:\/\/velocite-narbonne.fr\/wp-content\/uploads\/2022\/09\/Capture-decran-2022-11-12-102756.png 363w, https:\/\/velocite-narbonne.fr\/wp-content\/uploads\/2022\/09\/Capture-decran-2022-11-12-102756-300x174.png 300w\" data-sizes=\"(max-width: 363px) 100vw, 363px\" src=\"data:image\/svg+xml;base64,PHN2ZyB3aWR0aD0iMSIgaGVpZ2h0PSIxIiB4bWxucz0iaHR0cDovL3d3dy53My5vcmcvMjAwMC9zdmciPjwvc3ZnPg==\" style=\"--smush-placeholder-width: 363px; --smush-placeholder-aspect-ratio: 363\/210;\" \/><\/figure>\n\n\n\n<p>L\u2019atelier d\u2019entretien et d\u2019auto-r\u00e9paration de <a href=\"https:\/\/www.facebook.com\/velocitenarbonne\">V\u00e9locit\u00e9 Narbonne<\/a> est ouvert au :<br>1 impasse Rameau.<br>11100 Narbonne<\/p>\n\n\n\n<p>Les permanences ont lieu :<\/p>\n\n\n\n<ul class=\"wp-block-list\">\n<li>le mercredi de 18h \u00e0 20h<\/li>\n\n\n\n<li>le samedi de 9h30 \u00e0 12h30<\/li>\n<\/ul>\n\n\n\n<p>Le sourire, la joie, la bonne humeur sont bien entendu de rigueur.<\/p>\n\n\n\n<p>Si vous avez un vieux v\u00e9lo que vous n&rsquo;utilisez plus, vous pouvez nous le confier. Nous lui donnerons une seconde vie.<\/p>\n\n\n\n<p><strong>Important :<\/strong><br>L\u2019atelier de <a href=\"https:\/\/www.facebook.com\/velocitenarbonne\">V\u00e9locit\u00e9 Narbonne<\/a> est un&nbsp;atelier d\u2019auto-r\u00e9paration<strong>,<\/strong> lieu o\u00f9 on entretient et o\u00f9 on r\u00e9pare soi-m\u00eame son propre v\u00e9lo, avec l\u2019aide ou les conseils des b\u00e9n\u00e9voles, en profitant des outils mis \u00e0 disposition.<\/p>\n\n\n\n<p>Certaines pi\u00e8ces d\u00e9tach\u00e9es neuves ou d&rsquo;occasion peuvent \u00eatre utilis\u00e9es pour les r\u00e9parations et vous seront vendues au prix co\u00fbtant.<\/p>\n\n\n\n<p>L\u2019atelier est r\u00e9serv\u00e9 aux adh\u00e9rents de l\u2019association \u00e0 jour de cotisation.<br>Pour rappel :<br>Cotisation annuelle<br>Individuel 10\u20ac,<br>Couple\/famille 15\u20ac\/20\u20ac,<br>Personne en difficult\u00e9 financi\u00e8re \u00e0 partir d\u20191\u20ac<br>Des dons ou cotisations de soutien sont et seront toujours les bienvenus !<\/p>\n\n\n\n<p>Vous pouvez t\u00e9l\u00e9charger le r\u00e8glement int\u00e9rieur <a href=\"https:\/\/velocite-narbonne.fr\/wp-content\/uploads\/2022\/12\/Reglement-interieur-atelier.pdf\">ici<\/a><\/p>\n\n\n\n<div data-wp-interactive=\"core\/file\" class=\"wp-block-file\"><object data-wp-bind--hidden=\"!state.hasPdfPreview\" hidden class=\"wp-block-file__embed\" data=\"https:\/\/velocite-narbonne.fr\/wp-content\/uploads\/2025\/09\/Reglement-interieur-atelier.pdf\" type=\"application\/pdf\" style=\"width:100%;height:600px\" aria-label=\"Contenu embarqu\u00e9 Re\u0300glement inte\u0301rieur atelier.\"><\/object><a id=\"wp-block-file--media-3781116e-7cbe-41bd-96f5-3325ffbf789f\" href=\"https:\/\/velocite-narbonne.fr\/wp-content\/uploads\/2025\/09\/Reglement-interieur-atelier.pdf\">Re\u0300glement inte\u0301rieur atelier<\/a><a href=\"https:\/\/velocite-narbonne.fr\/wp-content\/uploads\/2025\/09\/Reglement-interieur-atelier.pdf\" class=\"wp-block-file__button wp-element-button\" download aria-describedby=\"wp-block-file--media-3781116e-7cbe-41bd-96f5-3325ffbf789f\">T\u00e9l\u00e9charger<\/a><\/div>\n","protected":false},"excerpt":{"rendered":"<p>L\u2019atelier d\u2019entretien et d\u2019auto-r\u00e9paration de V\u00e9locit\u00e9 Narbonne est ouvert au :1 impasse Rameau.11100 Narbonne Les permanences ont lieu : Le sourire, la joie, la bonne [&#8230;]<\/p>\n","protected":false},"author":18,"featured_media":0,"parent":0,"menu_order":0,"comment_status":"closed","ping_status":"closed","template":"","meta":{"footnotes":""},"class_list":["post-429","page","type-page","status-publish","hentry"],"yoast_head":"<!-- This site is optimized with the Yoast SEO plugin v27.3 - https:\/\/yoast.com\/product\/yoast-seo-wordpress\/ -->\n<title>Atelier V\u00e9locit\u00e9 Narbonne<\/title>\n<meta name=\"description\" content=\"V\u00e9locit\u00e9 Narbonne met \u00e0 disposition un atelier d&#039;autor\u00e9paration, o\u00f9 ses adh\u00e9rents peuvent r\u00e9parer leur v\u00e9los avec l&#039;aide des b\u00e9n\u00e9voles.\" \/>\n<meta name=\"robots\" content=\"index, follow, max-snippet:-1, max-image-preview:large, max-video-preview:-1\" \/>\n<link rel=\"canonical\" href=\"https:\/\/velocite-narbonne.fr\/index.php\/atelier-velocite-narbonne\/\" \/>\n<meta property=\"og:locale\" content=\"fr_FR\" \/>\n<meta property=\"og:type\" content=\"article\" \/>\n<meta property=\"og:title\" content=\"Atelier V\u00e9locit\u00e9 Narbonne\" \/>\n<meta property=\"og:description\" content=\"V\u00e9locit\u00e9 Narbonne met \u00e0 disposition un atelier d&#039;autor\u00e9paration, o\u00f9 ses adh\u00e9rents peuvent r\u00e9parer leur v\u00e9los avec l&#039;aide des b\u00e9n\u00e9voles.\" \/>\n<meta property=\"og:url\" content=\"https:\/\/velocite-narbonne.fr\/index.php\/atelier-velocite-narbonne\/\" \/>\n<meta property=\"og:site_name\" content=\"V\u00e9locit\u00e9 Narbonne\" \/>\n<meta property=\"article:modified_time\" content=\"2025-09-30T14:46:35+00:00\" \/>\n<meta property=\"og:image\" content=\"https:\/\/velocite-narbonne.fr\/wp-content\/uploads\/2022\/09\/Capture-decran-2022-11-12-102756.png\" \/>\n\t<meta property=\"og:image:width\" content=\"363\" \/>\n\t<meta property=\"og:image:height\" content=\"210\" \/>\n\t<meta property=\"og:image:type\" content=\"image\/png\" \/>\n<meta name=\"twitter:card\" content=\"summary_large_image\" \/>\n<meta name=\"twitter:label1\" content=\"Dur\u00e9e de lecture estim\u00e9e\" \/>\n\t<meta name=\"twitter:data1\" content=\"2 minutes\" \/>\n<script type=\"application\/ld+json\" class=\"yoast-schema-graph\">{\"@context\":\"https:\\\/\\\/schema.org\",\"@graph\":[{\"@type\":\"WebPage\",\"@id\":\"https:\\\/\\\/velocite-narbonne.fr\\\/index.php\\\/atelier-velocite-narbonne\\\/\",\"url\":\"https:\\\/\\\/velocite-narbonne.fr\\\/index.php\\\/atelier-velocite-narbonne\\\/\",\"name\":\"Atelier V\u00e9locit\u00e9 Narbonne\",\"isPartOf\":{\"@id\":\"https:\\\/\\\/velocite-narbonne.fr\\\/#website\"},\"primaryImageOfPage\":{\"@id\":\"https:\\\/\\\/velocite-narbonne.fr\\\/index.php\\\/atelier-velocite-narbonne\\\/#primaryimage\"},\"image\":{\"@id\":\"https:\\\/\\\/velocite-narbonne.fr\\\/index.php\\\/atelier-velocite-narbonne\\\/#primaryimage\"},\"thumbnailUrl\":\"https:\\\/\\\/velocite-narbonne.fr\\\/wp-content\\\/uploads\\\/2022\\\/09\\\/Capture-decran-2022-11-12-102756.png\",\"datePublished\":\"2022-11-13T11:05:37+00:00\",\"dateModified\":\"2025-09-30T14:46:35+00:00\",\"description\":\"V\u00e9locit\u00e9 Narbonne met \u00e0 disposition un atelier d'autor\u00e9paration, o\u00f9 ses adh\u00e9rents peuvent r\u00e9parer leur v\u00e9los avec l'aide des b\u00e9n\u00e9voles.\",\"breadcrumb\":{\"@id\":\"https:\\\/\\\/velocite-narbonne.fr\\\/index.php\\\/atelier-velocite-narbonne\\\/#breadcrumb\"},\"inLanguage\":\"fr-FR\",\"potentialAction\":[{\"@type\":\"ReadAction\",\"target\":[\"https:\\\/\\\/velocite-narbonne.fr\\\/index.php\\\/atelier-velocite-narbonne\\\/\"]}]},{\"@type\":\"ImageObject\",\"inLanguage\":\"fr-FR\",\"@id\":\"https:\\\/\\\/velocite-narbonne.fr\\\/index.php\\\/atelier-velocite-narbonne\\\/#primaryimage\",\"url\":\"https:\\\/\\\/velocite-narbonne.fr\\\/wp-content\\\/uploads\\\/2022\\\/09\\\/Capture-decran-2022-11-12-102756.png\",\"contentUrl\":\"https:\\\/\\\/velocite-narbonne.fr\\\/wp-content\\\/uploads\\\/2022\\\/09\\\/Capture-decran-2022-11-12-102756.png\",\"width\":363,\"height\":210,\"caption\":\"Atelier V\u00e9locit\u00e9 Narbonne\"},{\"@type\":\"BreadcrumbList\",\"@id\":\"https:\\\/\\\/velocite-narbonne.fr\\\/index.php\\\/atelier-velocite-narbonne\\\/#breadcrumb\",\"itemListElement\":[{\"@type\":\"ListItem\",\"position\":1,\"name\":\"Accueil\",\"item\":\"https:\\\/\\\/velocite-narbonne.fr\\\/\"},{\"@type\":\"ListItem\",\"position\":2,\"name\":\"Atelier\"}]},{\"@type\":\"WebSite\",\"@id\":\"https:\\\/\\\/velocite-narbonne.fr\\\/#website\",\"url\":\"https:\\\/\\\/velocite-narbonne.fr\\\/\",\"name\":\"V\u00e9locit\u00e9 Narbonne\",\"description\":\"L&#039;association v\u00e9lo du Grand Narbonne\",\"publisher\":{\"@id\":\"https:\\\/\\\/velocite-narbonne.fr\\\/#organization\"},\"potentialAction\":[{\"@type\":\"SearchAction\",\"target\":{\"@type\":\"EntryPoint\",\"urlTemplate\":\"https:\\\/\\\/velocite-narbonne.fr\\\/?s={search_term_string}\"},\"query-input\":{\"@type\":\"PropertyValueSpecification\",\"valueRequired\":true,\"valueName\":\"search_term_string\"}}],\"inLanguage\":\"fr-FR\"},{\"@type\":\"Organization\",\"@id\":\"https:\\\/\\\/velocite-narbonne.fr\\\/#organization\",\"name\":\"V\u00e9locit\u00e9 Narbonne\",\"url\":\"https:\\\/\\\/velocite-narbonne.fr\\\/\",\"logo\":{\"@type\":\"ImageObject\",\"inLanguage\":\"fr-FR\",\"@id\":\"https:\\\/\\\/velocite-narbonne.fr\\\/#\\\/schema\\\/logo\\\/image\\\/\",\"url\":\"https:\\\/\\\/velocite-narbonne.fr\\\/wp-content\\\/uploads\\\/2021\\\/10\\\/cropped-Logo-velocite.png\",\"contentUrl\":\"https:\\\/\\\/velocite-narbonne.fr\\\/wp-content\\\/uploads\\\/2021\\\/10\\\/cropped-Logo-velocite.png\",\"width\":649,\"height\":216,\"caption\":\"V\u00e9locit\u00e9 Narbonne\"},\"image\":{\"@id\":\"https:\\\/\\\/velocite-narbonne.fr\\\/#\\\/schema\\\/logo\\\/image\\\/\"}}]}<\/script>\n<!-- \/ Yoast SEO plugin. -->","yoast_head_json":{"title":"Atelier V\u00e9locit\u00e9 Narbonne","description":"V\u00e9locit\u00e9 Narbonne met \u00e0 disposition un atelier d'autor\u00e9paration, o\u00f9 ses adh\u00e9rents peuvent r\u00e9parer leur v\u00e9los avec l'aide des b\u00e9n\u00e9voles.","robots":{"index":"index","follow":"follow","max-snippet":"max-snippet:-1","max-image-preview":"max-image-preview:large","max-video-preview":"max-video-preview:-1"},"canonical":"https:\/\/velocite-narbonne.fr\/index.php\/atelier-velocite-narbonne\/","og_locale":"fr_FR","og_type":"article","og_title":"Atelier V\u00e9locit\u00e9 Narbonne","og_description":"V\u00e9locit\u00e9 Narbonne met \u00e0 disposition un atelier d'autor\u00e9paration, o\u00f9 ses adh\u00e9rents peuvent r\u00e9parer leur v\u00e9los avec l'aide des b\u00e9n\u00e9voles.","og_url":"https:\/\/velocite-narbonne.fr\/index.php\/atelier-velocite-narbonne\/","og_site_name":"V\u00e9locit\u00e9 Narbonne","article_modified_time":"2025-09-30T14:46:35+00:00","og_image":[{"width":363,"height":210,"url":"https:\/\/velocite-narbonne.fr\/wp-content\/uploads\/2022\/09\/Capture-decran-2022-11-12-102756.png","type":"image\/png"}],"twitter_card":"summary_large_image","twitter_misc":{"Dur\u00e9e de lecture estim\u00e9e":"2 minutes"},"schema":{"@context":"https:\/\/schema.org","@graph":[{"@type":"WebPage","@id":"https:\/\/velocite-narbonne.fr\/index.php\/atelier-velocite-narbonne\/","url":"https:\/\/velocite-narbonne.fr\/index.php\/atelier-velocite-narbonne\/","name":"Atelier V\u00e9locit\u00e9 Narbonne","isPartOf":{"@id":"https:\/\/velocite-narbonne.fr\/#website"},"primaryImageOfPage":{"@id":"https:\/\/velocite-narbonne.fr\/index.php\/atelier-velocite-narbonne\/#primaryimage"},"image":{"@id":"https:\/\/velocite-narbonne.fr\/index.php\/atelier-velocite-narbonne\/#primaryimage"},"thumbnailUrl":"https:\/\/velocite-narbonne.fr\/wp-content\/uploads\/2022\/09\/Capture-decran-2022-11-12-102756.png","datePublished":"2022-11-13T11:05:37+00:00","dateModified":"2025-09-30T14:46:35+00:00","description":"V\u00e9locit\u00e9 Narbonne met \u00e0 disposition un atelier d'autor\u00e9paration, o\u00f9 ses adh\u00e9rents peuvent r\u00e9parer leur v\u00e9los avec l'aide des b\u00e9n\u00e9voles.","breadcrumb":{"@id":"https:\/\/velocite-narbonne.fr\/index.php\/atelier-velocite-narbonne\/#breadcrumb"},"inLanguage":"fr-FR","potentialAction":[{"@type":"ReadAction","target":["https:\/\/velocite-narbonne.fr\/index.php\/atelier-velocite-narbonne\/"]}]},{"@type":"ImageObject","inLanguage":"fr-FR","@id":"https:\/\/velocite-narbonne.fr\/index.php\/atelier-velocite-narbonne\/#primaryimage","url":"https:\/\/velocite-narbonne.fr\/wp-content\/uploads\/2022\/09\/Capture-decran-2022-11-12-102756.png","contentUrl":"https:\/\/velocite-narbonne.fr\/wp-content\/uploads\/2022\/09\/Capture-decran-2022-11-12-102756.png","width":363,"height":210,"caption":"Atelier V\u00e9locit\u00e9 Narbonne"},{"@type":"BreadcrumbList","@id":"https:\/\/velocite-narbonne.fr\/index.php\/atelier-velocite-narbonne\/#breadcrumb","itemListElement":[{"@type":"ListItem","position":1,"name":"Accueil","item":"https:\/\/velocite-narbonne.fr\/"},{"@type":"ListItem","position":2,"name":"Atelier"}]},{"@type":"WebSite","@id":"https:\/\/velocite-narbonne.fr\/#website","url":"https:\/\/velocite-narbonne.fr\/","name":"V\u00e9locit\u00e9 Narbonne","description":"L&#039;association v\u00e9lo du Grand Narbonne","publisher":{"@id":"https:\/\/velocite-narbonne.fr\/#organization"},"potentialAction":[{"@type":"SearchAction","target":{"@type":"EntryPoint","urlTemplate":"https:\/\/velocite-narbonne.fr\/?s={search_term_string}"},"query-input":{"@type":"PropertyValueSpecification","valueRequired":true,"valueName":"search_term_string"}}],"inLanguage":"fr-FR"},{"@type":"Organization","@id":"https:\/\/velocite-narbonne.fr\/#organization","name":"V\u00e9locit\u00e9 Narbonne","url":"https:\/\/velocite-narbonne.fr\/","logo":{"@type":"ImageObject","inLanguage":"fr-FR","@id":"https:\/\/velocite-narbonne.fr\/#\/schema\/logo\/image\/","url":"https:\/\/velocite-narbonne.fr\/wp-content\/uploads\/2021\/10\/cropped-Logo-velocite.png","contentUrl":"https:\/\/velocite-narbonne.fr\/wp-content\/uploads\/2021\/10\/cropped-Logo-velocite.png","width":649,"height":216,"caption":"V\u00e9locit\u00e9 Narbonne"},"image":{"@id":"https:\/\/velocite-narbonne.fr\/#\/schema\/logo\/image\/"}}]}},"_links":{"self":[{"href":"https:\/\/velocite-narbonne.fr\/index.php\/wp-json\/wp\/v2\/pages\/429","targetHints":{"allow":["GET"]}}],"collection":[{"href":"https:\/\/velocite-narbonne.fr\/index.php\/wp-json\/wp\/v2\/pages"}],"about":[{"href":"https:\/\/velocite-narbonne.fr\/index.php\/wp-json\/wp\/v2\/types\/page"}],"author":[{"embeddable":true,"href":"https:\/\/velocite-narbonne.fr\/index.php\/wp-json\/wp\/v2\/users\/18"}],"replies":[{"embeddable":true,"href":"https:\/\/velocite-narbonne.fr\/index.php\/wp-json\/wp\/v2\/comments?post=429"}],"version-history":[{"count":11,"href":"https:\/\/velocite-narbonne.fr\/index.php\/wp-json\/wp\/v2\/pages\/429\/revisions"}],"predecessor-version":[{"id":3426,"href":"https:\/\/velocite-narbonne.fr\/index.php\/wp-json\/wp\/v2\/pages\/429\/revisions\/3426"}],"wp:attachment":[{"href":"https:\/\/velocite-narbonne.fr\/index.php\/wp-json\/wp\/v2\/media?parent=429"}],"curies":[{"name":"wp","href":"https:\/\/api.w.org\/{rel}","templated":true}]}}